{"id":53,"date":"2021-04-07T13:34:16","date_gmt":"2021-04-07T11:34:16","guid":{"rendered":"https:\/\/calandreta.establiment.fr\/lescar\/?page_id=53"},"modified":"2023-03-20T23:02:20","modified_gmt":"2023-03-20T22:02:20","slug":"contact","status":"publish","type":"page","link":"https:\/\/lescar.establiment.fr\/?page_id=53","title":{"rendered":"Informations pratiques"},"content":{"rendered":"\t\t<div data-elementor-type=\"wp-page\" data-elementor-id=\"53\" class=\"elementor elementor-53\">\n\t\t\t\t\t\t<section class=\"elementor-section elementor-top-section elementor-element elementor-element-582bb95 elementor-section-boxed elementor-section-height-default elementor-section-height-default\" data-id=\"582bb95\" data-element_type=\"section\">\n\t\t\t\t\t\t<div class=\"elementor-container elementor-column-gap-default\">\n\t\t\t\t\t<div class=\"elementor-column elementor-col-66 elementor-top-column elementor-element elementor-element-f201239\" data-id=\"f201239\" data-element_type=\"column\">\n\t\t\t<div class=\"elementor-widget-wrap elementor-element-populated\">\n\t\t\t\t\t\t<div class=\"elementor-element elementor-element-9a626c3 elementor-widget elementor-widget-spacer\" data-id=\"9a626c3\" data-element_type=\"widget\" data-widget_type=\"spacer.default\">\n\t\t\t\t<div class=\"elementor-widget-container\">\n\t\t\t\t\t<div class=\"elementor-spacer\">\n\t\t\t<div class=\"elementor-spacer-inner\"><\/div>\n\t\t<\/div>\n\t\t\t\t<\/div>\n\t\t\t\t<\/div>\n\t\t\t\t<div class=\"elementor-element elementor-element-553862f elementor-widget elementor-widget-heading\" data-id=\"553862f\" data-element_type=\"widget\" data-widget_type=\"heading.default\">\n\t\t\t\t<div class=\"elementor-widget-container\">\n\t\t\t<h2 class=\"elementor-heading-title elementor-size-default\">Informacions practicas\u200b<\/h2>\t\t<\/div>\n\t\t\t\t<\/div>\n\t\t\t\t<div class=\"elementor-element elementor-element-8bd4969 elementor-widget elementor-widget-text-editor\" data-id=\"8bd4969\" data-element_type=\"widget\" data-widget_type=\"text-editor.default\">\n\t\t\t\t<div class=\"elementor-widget-container\">\n\t\t\t\t\t\t\t<p>L&rsquo;\u00e9cole occupe des locaux municipaux situ\u00e9s dans le domaine du stade, pr\u00e8s de la piscine.<\/p><p>Les horaires de classes vont de 8h45 \u00e0 11h45 et de 13h30 \u00e0 16h30.<br \/>L\u2019accueil en p\u00e9riscolaire se fait sur site de 7h30 \u00e0 8h45 et de 16h30 \u00e0 18h30.<\/p><p>L\u2019\u00e9cole dispose d\u2019une cantine avec aide au repas.<\/p>\t\t\t\t\t\t<\/div>\n\t\t\t\t<\/div>\n\t\t\t\t\t<\/div>\n\t\t<\/div>\n\t\t\t\t<div class=\"elementor-column elementor-col-33 elementor-top-column elementor-element elementor-element-e070c49\" data-id=\"e070c49\" data-element_type=\"column\">\n\t\t\t<div class=\"elementor-widget-wrap elementor-element-populated\">\n\t\t\t\t\t\t<div class=\"elementor-element elementor-element-3881eae elementor-widget elementor-widget-spacer\" data-id=\"3881eae\" data-element_type=\"widget\" data-widget_type=\"spacer.default\">\n\t\t\t\t<div class=\"elementor-widget-container\">\n\t\t\t\t\t<div class=\"elementor-spacer\">\n\t\t\t<div class=\"elementor-spacer-inner\"><\/div>\n\t\t<\/div>\n\t\t\t\t<\/div>\n\t\t\t\t<\/div>\n\t\t\t\t<div class=\"elementor-element elementor-element-c725558 elementor-widget elementor-widget-heading\" data-id=\"c725558\" data-element_type=\"widget\" data-widget_type=\"heading.default\">\n\t\t\t\t<div class=\"elementor-widget-container\">\n\t\t\t<h2 class=\"elementor-heading-title elementor-size-default\">Contactes\u200b<\/h2>\t\t<\/div>\n\t\t\t\t<\/div>\n\t\t\t\t<div class=\"elementor-element elementor-element-c770fe4 elementor-widget elementor-widget-text-editor\" data-id=\"c770fe4\" data-element_type=\"widget\" data-widget_type=\"text-editor.default\">\n\t\t\t\t<div class=\"elementor-widget-container\">\n\t\t\t\t\t\t\t<p>Adresse : <br \/><i>Rue du Lieutenant de vaisseau Garnuchot<br \/><\/i><i>64230 Lescar<br \/><\/i>T\u00e9l\u00e9phone : 05 59 81 06 47<br \/>Mail : calandreta.lescar@yahoo.fr<\/p>\t\t\t\t\t\t<\/div>\n\t\t\t\t<\/div>\n\t\t\t\t\t<\/div>\n\t\t<\/div>\n\t\t\t\t\t<\/div>\n\t\t<\/section>\n\t\t\t\t<section class=\"elementor-section elementor-top-section elementor-element elementor-element-90a8f60 elementor-section-boxed elementor-section-height-default elementor-section-height-default\" data-id=\"90a8f60\" data-element_type=\"section\">\n\t\t\t\t\t\t<div class=\"elementor-container elementor-column-gap-default\">\n\t\t\t\t\t<div class=\"elementor-column elementor-col-100 elementor-top-column elementor-element elementor-element-7f82787\" data-id=\"7f82787\" data-element_type=\"column\">\n\t\t\t<div class=\"elementor-widget-wrap elementor-element-populated\">\n\t\t\t\t\t\t<div class=\"elementor-element elementor-element-3ac671a elementor-widget elementor-widget-html\" data-id=\"3ac671a\" data-element_type=\"widget\" data-widget_type=\"html.default\">\n\t\t\t\t<div class=\"elementor-widget-container\">\n\t\t\t<iframe width=\"425\" height=\"425\" frameborder=\"0\" scrolling=\"no\" marginheight=\"0\" marginwidth=\"0\" src=\"https:\/\/www.openstreetmap.org\/export\/embed.html?bbox=-0.390%2C43.3290%2C-0.445%2C43.3310&amp;layer=mapnik&amp;marker=43.33055%2C-0.44297\" style=\"border: 1px solid black\"><\/iframe><br\/><small><a href=\"https:\/\/www.openstreetmap.org\/?mlat=43.60439&amp;mlon=3.89810#map=18\/43.60439\/3.89810\">Plein \u00e9cran<\/a><\/small>\t\t<\/div>\n\t\t\t\t<\/div>\n\t\t\t\t\t<\/div>\n\t\t<\/div>\n\t\t\t\t\t<\/div>\n\t\t<\/section>\n\t\t\t\t<\/div>\n\t\t","protected":false},"excerpt":{"rendered":"<p>Informacions practicas\u200b L&rsquo;\u00e9cole occupe des locaux municipaux situ\u00e9s dans le domaine du stade, pr\u00e8s de la piscine. Les horaires de classes vont de 8h45 \u00e0 11h45 et de 13h30 \u00e0 16h30.L\u2019accueil en p\u00e9riscolaire se fait sur site de 7h30 \u00e0 8h45 et de 16h30 \u00e0 18h30. L\u2019\u00e9cole dispose d\u2019une cantine avec aide au repas. Contactes\u200b [&hellip;]<\/p>\n","protected":false},"author":2,"featured_media":0,"parent":0,"menu_order":0,"comment_status":"closed","ping_status":"closed","template":"","meta":{"footnotes":""},"class_list":["post-53","page","type-page","status-publish","hentry","entry"],"_links":{"self":[{"href":"https:\/\/lescar.establiment.fr\/index.php?rest_route=\/wp\/v2\/pages\/53"}],"collection":[{"href":"https:\/\/lescar.establiment.fr\/index.php?rest_route=\/wp\/v2\/pages"}],"about":[{"href":"https:\/\/lescar.establiment.fr\/index.php?rest_route=\/wp\/v2\/types\/page"}],"author":[{"embeddable":true,"href":"https:\/\/lescar.establiment.fr\/index.php?rest_route=\/wp\/v2\/users\/2"}],"replies":[{"embeddable":true,"href":"https:\/\/lescar.establiment.fr\/index.php?rest_route=%2Fwp%2Fv2%2Fcomments&post=53"}],"version-history":[{"count":50,"href":"https:\/\/lescar.establiment.fr\/index.php?rest_route=\/wp\/v2\/pages\/53\/revisions"}],"predecessor-version":[{"id":727,"href":"https:\/\/lescar.establiment.fr\/index.php?rest_route=\/wp\/v2\/pages\/53\/revisions\/727"}],"wp:attachment":[{"href":"https:\/\/lescar.establiment.fr\/index.php?rest_route=%2Fwp%2Fv2%2Fmedia&parent=53"}],"curies":[{"name":"wp","href":"https:\/\/api.w.org\/{rel}","templated":true}]}}